3620024.
2, 7, 71, 98999
What are the prime factors of 79284705?
3, 5, 5285647
What are the prime factors of 1411032526?
2, 29, 1087, 22381
What are the prime factors of 131409792?
2, 3, 37, 3083
What are the prime factors of 111365144?
2, 11, 31, 40823
List the prime factors of 2846126825.
5, 17, 263, 25463
List the prime factors of 154025003.
11, 29, 482837
List the prime factors of 138574754.
2, 53, 1307309
What are the prime factors of 69539702?
2, 67, 518953
List the prime factors of 57905836.
2, 61, 237319
What are the prime factors of 645945505?
5, 129189101
What are the prime factors of 1460763650?
2, 5, 3109, 9397
List the prime factors of 6512100010.
2, 5, 13, 50093077
List the prime factors of 165628054.
2, 19, 61, 71453
What are the prime factors of 1052614665?
3, 5, 23, 37, 27487
List the prime factors of 497310399.
3, 55256711
List the prime factors of 16581276.
2, 3, 311, 1481
What are the prime factors of 43643546?
2, 1291, 16903
List the prime factors of 1410913298.
2, 79, 421, 21211
List the prime factors of 465952224.
2, 3, 103, 47123
List the prime factors of 908753606.
2, 137, 3316619
List the prime factors of 165446832.
2, 3, 19, 37, 4903
What are the prime factors of 399748341?
3, 421, 316507
What are the prime factors of 132798521?
132798521
What are the prime factors of 687734273?
191, 457, 7879
List the prime factors of 998496571.
109, 9160519
List the prime factors of 2265759160.
2, 5, 7, 2293, 3529
List the prime factors of 185959252.
2, 29, 587, 2731
What are the prime factors of 1779252880?
2, 5, 61, 364601
What are the prime factors of 264267377?
11, 24024307
What are the prime factors of 5784986502?
2, 3, 367, 875717
What are the prime factors of 52541984?
2, 11, 61, 2447
List the prime factors of 10734211.
109, 98479
List the prime factors of 3018006447.
3, 17, 157, 376921
List the prime factors of 1346638844.
2, 163, 2065397
List the prime factors of 3648167296.
2, 31, 59, 15583
List the prime factors of 94662946.
2, 7, 37, 182747
What are the prime factors of 48712904?
2, 31, 89, 2207
What are the prime factors of 177951871?
177951871
List the prime factors of 564244257.
3, 23, 8177453
List the prime factors of 42643413.
3, 4738157
What are the prime factors of 42316454?
2, 449, 47123
What are the prime factors of 1240088665?
5, 41, 829, 7297
What are the prime factors of 263607954?
2, 3, 311, 141269
What are the prime factors of 150068153?
127, 139, 8501
What are the prime factors of 51876509?
563, 92143
What are the prime factors of 494616169?
41, 137, 173, 509
List the prime factors of 73044342.
2, 3, 7, 17, 421
What are the prime factors of 26474710?
2, 5, 2647471
List the prime factors of 1912695984.
2, 3, 59, 101, 743
What are the prime factors of 136619415?
3, 5, 1033, 2939
What are the prime factors of 1905953903?
7, 23, 11838223
List the prime factors of 261694749.
3, 4229, 20627
List the prime factors of 84512884.
2, 37, 491, 1163
What are the prime factors of 77523004?
2, 13, 114679
List the prime factors of 244454980.
2, 5, 7, 11, 181, 877
List the prime factors of 453605182.
2, 29, 2011, 3889
List the prime factors of 136276143.
3, 37, 1227713
What are the prime factors of 176313856?
2, 344363
List the prime factors of 154740166.
2, 7, 113, 97813
What are the prime factors of 103923755?
5, 13, 1598827
List the prime factors of 140385226.
2, 1543, 45491
List the prime factors of 6466513082.
2, 101, 32012441
What are the prime factors of 7130513482?
2, 38749, 92009
List the prime factors of 393176513.
23, 157, 108883
What are the prime factors of 5945448866?
2, 7, 127, 3343897
List the prime factors of 154428041.
47, 3285703
List the prime factors of 693877676.
2, 83, 101, 20693
List the prime factors of 384119725.
5, 11, 79, 17681
List the prime factors of 453911524.
2, 11, 47, 103, 2131
List the prime factors of 116254177.
13, 17, 526037
What are the prime factors of 2258934812?
2, 409, 1129, 1223
List the prime factors of 804766368.
2, 3, 7, 41, 29209
What are the prime factors of 79284433?
79284433
List the prime factors of 555482979.
3, 3919, 15749
What are the prime factors of 488718575?
5, 73, 267791
What are the prime factors of 342141754?
2, 173, 988849
List the prime factors of 37294618.
2, 18647309
What are the prime factors of 231992696?
2, 13, 2230699
What are the prime factors of 622703103?
3, 11, 18869791
What are the prime factors of 572458864?
2, 491, 72869
List the prime factors of 143228627.
431, 332317
What are the prime factors of 423924?
2, 3, 35327
List the prime factors of 5939574.
2, 3, 989929
List the prime factors of 454281280.
2, 5, 23, 61723
What are the prime factors of 64389266?
2, 79, 407527
What are the prime factors of 2249984787?
3, 5101, 147029
List the prime factors of 44302247.
11, 47, 85691
What are the prime factors of 9195651?
3, 593, 1723
List the prime factors of 62986904.
2, 17, 271, 1709
What are the prime factors of 351153267?
3, 251, 466339
List the prime factors of 5682405385.
5, 557, 2040361
What are the prime factors of 28769337?
3, 163, 2179
What are the prime factors of 8691040?
2, 5, 54319
What are the prime factors of 408781422?
2, 3, 7, 17, 137, 199
What are the prime factors of 8324140?
2, 5, 11, 157, 241
List the prime factors of 714172469.
109, 151, 43391
What are the prime factors of 151292165?
5, 30258433
What are the prime factors of 17183980?
2, 5, 11, 19, 4111
What are the prime factors of 44206453?
37, 1194769
List the prime factors of 431841596.
2, 71, 503, 3023
What are the prime factors of 2678538846?
2, 3, 446423141
List the prime factors of 233152213.
7, 33307459
What are the prime factors of 746603469?
3, 1619, 51239
List the prime factors of 31657575.
3, 5, 422101
List the prime factors of 3256574786.
2, 9199, 177007
List the prime factors of 735264091.
277, 2654383
List the prime factors of 29234056.
2, 347, 10531
List the prime factors of 16340272.
2, 13, 6043
What are the prime factors of 274128889?
2417, 113417
What are the prime factors of 94088875?
5, 31, 24281
What are the prime factors of 3779494077?
3, 17, 53, 1398259
List the prime factors of 361658695.
5, 163, 443753
List the prime factors of 622578259.
622578259
What are the prime factors of 419981118?
2, 3, 31, 73, 30931
List the prime factors of 10698907.
569, 18803
What are the prime factors of 859524821?
859524821
List the prime factors of 4322891399.
4322891399
What are the prime factors of 2818921888?
2, 859, 102551
List the prime factors of 35463611.
4073, 8707
List the prime factors of 446736501.
3, 907, 54727
List the prime factors of 505558487.
7, 72222641
What are the prime factors of 73311497?
7, 17, 31, 167
List the prime factors of 92043583.
73, 743, 1697
What are the prime factors of 250906717?
53, 379, 12491
List the prime factors of 6992167373.
8429, 829537
What are the prime factors of 280421957?
23, 1511, 8069
What are the prime factors of 42399426?
2, 3, 7066571
List the prime factors of 50978904.
2, 3, 947, 2243
List the prime factors of 1258714381.
211, 431, 13841
List the prime factors of 74222465.
5, 14844493
List the prime factors of 54816758.
2, 37, 47, 15761
What are the prime factors of 948074287?
73, 12987319
What are the prime factors of 20945097?
3, 2327233
List the prime factors of 5824946.
2, 2912473
What are the prime factors of 303087761?
53, 1723, 3319
List the prime factors of 32515940.
2, 5, 101, 16097
List the prime factors of 1068005103.
3, 11, 127, 254833
List the prime factors of 37197632.
2, 17, 179, 191
What are the prime factors of 8621206?
2, 11, 391873
List the prime factors of 92909855.
5, 18581971
List the prime factors of 1257367546.
2, 628683773
List the prime factors of 459223608.
2, 3, 97, 197261
What are the prime factors of 1325579638?
2, 662789819
What are the prime factors of 281571878?
2, 7, 20112277
List the prime factors of 140137001.
17, 8243353
What are the prime factors of 15483638?
2, 7741819
What are the prime factors of 4179656502?
2, 3, 7, 43, 771439
List the prime factors of 28939981.
7, 4134283
List the prime factors of 363582521.
3187, 114083
What are the prime factors of 1154110336?
2, 907, 9941
List the prime factors of 45158602.
2, 22579301
What are the prime factors of 53795876?
2, 1344896